Suppose 4*t + 71 = 5*u, 14*t - 10*t - u + 43 = 0. Let w = 5 + -3. Let l be (t - -13)*1*w. Calculate the greatest common factor of l and 152.
8
Let c = -1544 - -2057. Calculate the greatest common divisor of 912 and c.
57
Let j = 4296 - 4294. Suppose -4 = -2*r + 2*g, -2*r = -0*r + 4*g - 16. Let f = r + j. Calculate the highest common factor of 90 and f.
6
Suppose 0 = -27*y + 52 + 542. Calculate the greatest common divisor of y and 16940.
22
Let y be (3/3)/(1/48). Let v = 1731 - 1539. What is the highest common divisor of y and v?
48
Let b = 16542 + -5065. Calculate the highest common factor of 23 and b.
23
Suppose -4*a - 5*m = -3319, -3*a + 201 = -13*m - 2372. Calculate the greatest common divisor of a and 380.
76
Let z = -6150 + 7326. Calculate the greatest common factor of z and 686.
98
Suppose -20 + 4 = -2*w. Let b = 51 + -45. Suppose -2*t = -b, 4*m + 2*t - 52 = 2. Calculate the greatest common factor of w and m.
4
Let f(m) = -m**3 + 4*m**2 + 16*m - 32. Let a be f(3). Calculate the highest common factor of a and 19575.
25
Let w(l) = -2*l**3 + l. Let h(y) = -7*y - 8. Let k be h(-1). Let q be w(k). Let i be 4/8*(q - -31). Calculate the highest common factor of 48 and i.
16
Suppose -5*d = 5*u - 6550, 2*u + 861 + 458 = d. Calculate the greatest common factor of 351 and d.
13
Let w = -4603 + 4873. What is the greatest common divisor of 240 and w?
30
Suppose 2*m - 66 + 58 = 0. Let f be (-16)/m - (-18)/1. Let d be -2 + 17 + (1 - 4) + 2. Calculate the greatest common factor of d and f.
14
Let d(h) = 56*h + 2 + 45*h - 106*h - 1 + 137*h**2. Let c be d(1). Let w(m) = -7*m - 2. Let t be w(-3). Calculate the highest common divisor of c and t.
19
Let q be 4/10 - ((-12)/(-4) + 75546/(-10)). What is the greatest common factor of 128 and q?
128
Let i = 17 - 9. Let a = 5615 - 5603. What is the greatest common divisor of a and i?
4
Suppose 6635*w + 1012 = 6645*w + 292. Let g be (-15890)/(-49) + (-2)/7. What is the greatest common factor of w and g?
36
Let w = 62 - -5. Suppose 347*b + 38215 + 18534 = 424*b. What is the highest common divisor of w and b?
67
Suppose 0 = 2*m + 5 - 19. Let h = -23 + 27. Let w be h - (-150)/12*8/10. Calculate the greatest common factor of m and w.
7
Suppose 5*l = -8 + 83. Suppose -5*u + 26 = t, -3*t - 2*u = 3*u - 28. Let g be (t/(-2))/1 - 1694/(-28). Calculate the highest common divisor of l and g.
15
Let k(u) = -u**3 + 16*u**2 - 56*u + 17. Let r be k(11). Let n be 2 - ((-20)/6 - (-10)/(-15)). Calculate the greatest common divisor of n and r.
6
Let w be -46 + 40 - (1 + -126). Calculate the highest common factor of w and 170.
17
Let m be (3/(-10))/((-129)/602)*6835 - 6. What is the highest common divisor of 262 and m?
131
Let t(y) = 26*y**2 + y. Let m be t(1). Suppose -5*g = 2*q - 7*q - 25, 5*q = 3*g - m. Let n be q/(-2) + -1 + 0. What is the highest common divisor of n and 14?
2
Let f = 26 + 13. Suppose 0 = -4*t + 6*t. Suppose 2*c - f + 3 = t. What is the greatest common factor of 9 and c?
9
Suppose 15*i - 28 = 13*i. Let k = -12 + i. Suppose -15 = k*o - 125. What is the highest common divisor of o and 22?
11
Suppose 64 = -3*q + q. Suppose -2*u + 7 = -5*x, -2*x - 6 = 4*u + 16. Let p be q*(-1 + (-1)/u). Calculate the greatest common divisor of p and 8.
8
Let j be 182 + -45*10/(-45). What is the highest common factor of j and 1088?
64
Suppose 3*q + 52 = -2*v, -4*v + 0*q - 4*q - 112 = 0. Let l = -1 - 56. Let t = v - l. Calculate the highest common factor of 25 and t.
25
Suppose -2*g - 3*n = -3909, 2*n + 5781 = 5*g - 3963. What is the highest common divisor of 1800 and g?
150
Let i be (6/(-4))/(66/(-3256)). Suppose 5*r = -i + 79. Let x be 1/(r - (-32)/(-36)). What is the highest common divisor of x and 18?
9
Suppose 51*p = -5 + 177 - 19. Suppose 6*g - 72 = 3*g. Calculate the highest common factor of p and g.
3
Let m(u) = -u - 15. Suppose -16 = 5*g + 9. Let i be m(g). Let j be -5*(-4 + (-36)/i). What is the greatest common divisor of 20 and j?
2
Let o = 2903 + -2623. What is the greatest common factor of 490 and o?
70
Let n be 26/8*(-6 - -2). Let y = n + 22. Let m be -75*4/(-10)*2/(-6) - -109. What is the highest common divisor of m and y?
9
Let i = 25548 - 25356. What is the greatest common factor of i and 16832?
64
Let p(m) = -m**3 + 16*m**2 - 47*m + 15. Let u be p(12). Calculate the greatest common divisor of 180 and u.
9
Let b(h) = 77*h - 47. Let c be b(3). Suppose -4*a - c = 44*q - 45*q, -346 = -2*q - 3*a. Calculate the greatest common factor of q and 96.
16
Let p(h) = -13*h**2 - 142*h - 9. Let b be p(-3). What is the greatest common factor of b and 12?
12
Let l(k) = 3*k**2 + 10*k + 18. Let g be l(-4). Let c(z) = z - 9. Let v be c(g). Calculate the highest common divisor of 85 and v.
17
Let g be (-80)/20*356/(-1). Suppose 2*u - g = -4*m + 898, 593 = m - 2*u. Calculate the greatest common factor of m and 53.
53
Let f(m) = -3*m**3 - 19*m**2 - 29*m - 26. Let j be f(-5). What is the highest common divisor of 28367 and j?
19
Let k = 7232 - 7214. Let t(v) = 5*v**2 - 3*v + 4. Let c = 1 - -3. Let q be t(c). Calculate the highest common factor of q and k.
18
Suppose -4*o - 29 = -49, -4*c + 289 = -3*o. What is the highest common divisor of 3154 and c?
38
Let d(g) = -117*g - 11753. Let v be d(-101). Let o(m) = m - 2. Let a be o(6). Suppose 11 + 21 = a*k. What is the greatest common factor of v and k?
8
Let i = -275 + 923. Let j = i + -288. Calculate the greatest common divisor of j and 45.
45
Suppose 0*v = 2*v - 64. Let y(p) = 3*p - 12*p - 146 + 12*p + 2*p - 5. Let k be y(31). Calculate the highest common divisor of v and k.
4
Suppose t - 9 = -2*s, 0*t + t - 5*s - 9 = 0. Suppose -90*a + 268 = -88*a. Let x = 188 - a. Calculate the greatest common divisor of x and t.
9
Let d(i) = -4*i + 50. Let w be d(12). Suppose -2*g + 2 + 10 = 0. Let p be (w/g)/(4/96). What is the greatest common factor of p and 32?
8
Let o be (135 + -9 + 6)*4. Calculate the greatest common factor of o and 363.
33
Let d(w) be the third derivative of 0 + 4*w**3 + 1/60*w**5 - 5/8*w**4 + 0*w - 25*w**2. Let m be d(14). Calculate the greatest common divisor of 40 and m.
10
Let t = -37921 - -37993. What is the highest common factor of t and 12504?
24
Let n(o) = -3*o + 2*o + 4*o**2 + 15 - 13. Let r be n(1). Let d(b) = -12*b + 1. Let u be d(-2). Calculate the greatest common divisor of u and r.
5
Let t be -8 + (36 - 1) + (-108)/27. What is the greatest common factor of t and 2?
1
Suppose 0*y = 33*y + 17061. Let g = y + 528. What is the greatest common factor of 1100 and g?
11
Let t = 11843 - 11812. Let o be -16*31*(-1)/2. Calculate the highest common factor of o and t.
31
Suppose 874 = 4*g - 3*c, 6*g = g - 4*c + 1108. Suppose 0 = 5*y + r - g, y + 5*r = 26 - 6. Let d = -23 - -41. What is the highest common divisor of d and y?
9
Let z be 22/(-66) + (-245)/(-15). Suppose 5*c - r - 701 - 662 = 0, 2*r - 1354 = -5*c. Calculate the highest common divisor of z and c.
16
Let b = 56 + -53. Suppose 0 = 3*a + b*g - 358 + 7, -353 = -3*a - 2*g. Let m = a - 15. What is the highest common divisor of m and 13?
13
Let x = 4803 + -4776. Let i be (-372)/(-14) + 12/28. What is the greatest common divisor of i and x?
27
Suppose 5*k - 4*p = 5, -3*p = 3*k - 10 - 20. Suppose -k*g = 2*u - 5612, 5*u + 841 = 2*g - 1398. What is the greatest common divisor of g and 17?
17
Suppose 2*q - 306 = 4*i, 4*q + 3*i + 31 = 687. Let b be (3/(-27)*(10 + -7))/1*-21. Calculate the highest common divisor of b and q.
7
Let n = -1846 + 1942. Calculate the greatest common divisor of n and 3024.
48
Let z = 171 + -171. Suppose -3*w + 3*s + 2*s = -335, z = -4*w + 5*s + 455. Calculate the highest common divisor of 105 and w.
15
Let g = -1058 + 6604. What is the highest common factor of g and 118?
118
Let t(i) = i**3 - 10*i**2 + 12*i - 17. Let u be t(9). Let z be (u/(-30))/(1/(-15)). Suppose 170 = z*y - 30. Calculate the greatest common factor of 40 and y.
40
Let v = -6600 - -6921. Calculate the highest common factor of 3 and v.
3
Suppose 0 = 7*l - 3*l. Let q be 13 + (-3 - l)/3 + 3. Calculate the greatest common factor of q and 105.
15
Let o be (388 + -13)/15*-22*(-9 + 1). What is the greatest common divisor of 16 and o?
16
Suppose -3*g + 4*g - 1610 = 0. Suppose -3*a = -17*a + g. What is the highest common divisor of 10 and a?
5
L